igit of 5683?
6
What is the hundreds digit of 1121?
1
What is the units digit of 15931?
1
What is the tens digit of 653?
5
What is the tens digit of 74199?
9
What is the tens digit of 8644?
4
What is the hundreds digit of 47975?
9
What is the thousands digit of 1177?
1
What is the tens digit of 3261?
6
What is the tens digit of 105?
0
What is the ten thousands digit of 76102?
7
What is the ten thousands digit of 20682?
2
What is the units digit of 7949?
9
What is the hundreds digit of 51127?
1
What is the thousands digit of 1634?
1
What is the thousands digit of 1691?
1
What is the tens digit of 8272?
7
What is the tens digit of 2087?
8
What is the hundreds digit of 366?
3
What is the hundreds digit of 1407?
4
What is the tens digit of 218?
1
What is the tens digit of 83651?
5
What is the hundreds digit of 1688?
6
What is the units digit of 32593?
3
What is the thousands digit of 88954?
8
What is the units digit of 5028?
8
What is the tens digit of 9720?
2
What is the units digit of 7899?
9
What is the hundreds digit of 2442?
4
What is the tens digit of 15739?
3
What is the thousands digit of 7459?
7
What is the hundreds digit of 104?
1
What is the tens digit of 2551?
5
What is the ten thousands digit of 45885?
4
What is the units digit of 2662?
2
What is the hundreds digit of 96654?
6
What is the units digit of 1674?
4
What is the thousands digit of 74649?
4
What is the units digit of 176?
6
What is the units digit of 25919?
9
What is the units digit of 88406?
6
What is the hundreds digit of 8047?
0
What is the tens digit of 1310?
1
What is the hundreds digit of 960?
9
What is the tens digit of 288?
8
What is the thousands digit of 1412?
1
What is the hundreds digit of 18662?
6
What is the hundreds digit of 4507?
5
What is the ten thousands digit of 29859?
2
What is the thousands digit of 64943?
4
What is the tens digit of 785?
8
What is the ten thousands digit of 16131?
1
What is the units digit of 97578?
8
What is the hundreds digit of 2757?
7
What is the tens digit of 876?
7
What is the hundreds digit of 757?
7
What is the thousands digit of 1806?
1
What is the ten thousands digit of 38407?
3
What is the thousands digit of 152244?
2
What is the tens digit of 1422?
2
What is the tens digit of 27129?
2
What is the tens digit of 26103?
0
What is the thousands digit of 47293?
7
What is the ten thousands digit of 73772?
7
What is the ten thousands digit of 18461?
1
What is the hundreds digit of 2785?
7
What is the thousands digit of 5517?
5
What is the tens digit of 37853?
5
What is the thousands digit of 40961?
0
What is the thousands digit of 4082?
4
What is the thousands digit of 21244?
1
What is the units digit of 713?
3
What is the tens digit of 4921?
2
What is the tens digit of 30108?
0
What is the tens digit of 78?
7
What is the units digit of 11111?
1
What is the units digit of 7216?
6
What is the tens digit of 863?
6
What is the hundreds digit of 1249?
2
What is the ten thousands digit of 147325?
4
What is the units digit of 79685?
5
What is the ten thousands digit of 161858?
6
What is the units digit of 57172?
2
What is the units digit of 5225?
5
What is the thousands digit of 4014?
4
What is the thousands digit of 2606?
2
What is the units digit of 2921?
1
What is the tens digit of 14359?
5
What is the hundreds digit of 6919?
9
What is the thousands digit of 7050?
7
What is the units digit of 74?
4
What is the hundreds digit of 6437?
4
What is the thousands digit of 2420?
2
What is the tens digit of 3810?
1
What is the thousands digit of 75661?
5
What is the hundreds digit of 847?
8
What is the tens digit of 1948?
4
What is the thousands digit of 3773?
3
What is the units digit of 1396?
6
What is the units digit of 7343?
3
What is the units digit of 45173?
3
What is the units digit of 1964?
4
What is the hundreds digit of 6475?
4
What is the hundreds digit of 1684?
6
What is the thousands digit of 35045?
5
What is the units digit of 4369?
9
What is the tens digit of 43156?
5
What is the hundreds digit of 1044?
0
What is the tens digit of 1242?
4
What is the hundreds digit of 391?
3
What is the thousands digit of 3053?
3
What is the ten thousands digit of 64794?
6
What is the units digit of 17058?
8
What is the hundreds digit of 1570?
5
What is the thousands digit of 3449?
3
What is the thousands digit of 55542?
5
What is the ten thousands digit of 56147?
5
What is the tens digit of 596?
9
What is the units digit of 8547?
7
What is the hundreds digit of 1165?
1
What is the units digit of 5104?
4
What is the tens digit of 1893?
9
What is the hundreds digit of 680?
6
What is the hundreds digit of 2468?
4
What is the thousands digit of 87896?
7
What is the units digit of 122389?
9
What is the thousands digit of 77214?
7
What is the tens digit of 5122?
2
What is the tens digit of 60127?
2
What is the units digit of 3994?
4
What is the hundreds digit of 1145?
1
What is the units digit of 10789?
9
What is the hundreds digit of 9876?
8
What is the thousands digit of 1834?
1
What is the units digit of 73695?
5
What is the thousands digit of 3488?
3
What is the thousands digit of 7258?
7
What is the thousands digit of 20030?
0
What is the ten thousands digit of 19552?
1
What is the hundreds digit of 3731?
7
What is the hundreds digit of 316?
3
What is the tens digit of 60025?
2
What is the hundreds digit of 111?
1
What is the tens digit of 6019?
1
What is the ten thousands digit of 12836?
1
What is the tens digit of 8808?
0
What is the ten thousands digit of 150014?
5
What is the tens digit of 2340?
4
What is the tens digit of 163983?
8
What is the units digit of 46161?
1
What is the hundred thousands digit of 117513?
1
What is the hundreds digit of 90728?
7
What is the tens digit of 86209?
0
What is the tens digit of 6368?
6
What is the tens digit of 42200?
0
What is the units digit of 1993?
3
What is the hundreds digit of 28645?
6
What is the thousands digit of 8315?
8
What is the hundreds digit of 15257?
2
What is the hundreds digit of 336?
3
What is the hundreds digit of 211?
2
What is the tens digit of 3381?
8
What is the hundreds digit of 2283?
2
What is the units digit of 41395?
5
What is the units digit of 11883?
3
What is the units digit of 1998?
8
What is the tens digit of 543?
4
What is the ten thousands digit of 14110?
1
What is the tens digit of 530?
3
What is the thousands digit of 2079?
2
What is the ten thousands digit of 10001?
1
What is the units digit of 2880?
0
What is the thousands digit of 2567?
2
What is the thousands digit of 118540?
8
What is the units digit of 226?
6
What is the tens digit of 38685?
8
What is the thousands digit of 139701?
9
What is the ten thousands digit of 90201?
9
What is the units digit of 2165?
5
What is the thousands digit of 44411?
4
What is the units digit of 6709?
9
What is the tens digit of 52101?
0
What is the tens digit of 5845?
4
What is the thousands digit of 1351?
1
What is the tens digit of 8111?
1
What is the hundred thousands digit of 129289?
1
What is the ten thousands digit of 84684?
8
What is the thousands digit of 1411?
1
What is the ten thousands digit of 40889?
4
What is the hundreds digit of 577?
5
What is the thousands digit of 7013?
7
What is the tens digit of 80443?
4
What is the thousands digit of 66463?
6
What is the thousands digit of 2136?
2
What is the hundreds digit of 195?
1
What is the tens digit of 92?
9
What is the hundreds digit of 627?
6
What is the hundreds digit of 234?
2
What is the thousands digit of 21443?
1
What is the thousands digit of 8288?
8
What is the hundreds digit of 28012?
0
What is the units digit of 4748?
8
What is the ten thousands digit of 12346?
1
What is the tens digit of 62592?
9
What is the units digit of 12658?
8
What is the tens digit of 26525?
2
What is the units digit of 85?
5
What is the tens digit of 1111?
1
What is the units digit of 737?
7
What is the ten thousands digit of 85220?
8
What is the hundreds digit of 16302?
3
What is the tens digit of 1682?
8
What is the hundreds digit of 647?
6
What is the tens digit of 14457?
5
What is the tens digit of 2934?
3
What is the thousands digit of 3290?
3
What is the tens digit of 23853?
5
What is the ten thousands digit of 28238?
2
What is the units digit of 7011?
1
What is the ten t